hat is the greatest common divisor of 228 and h?
12
Suppose -21 = 46*c - 47*c. What is the highest common factor of 147 and c?
21
Suppose 3*h - 10 = 2*c - 139, -h + 331 = 5*c. What is the highest common divisor of c and 44?
22
Suppose -12 = 5*m - 17. What is the greatest common divisor of 8 and m?
1
Suppose -t + 11 = 1. Calculate the highest common factor of 70 and t.
10
Suppose -s = 3 + 3. Let w be (-83)/(-3) - s/18. What is the highest common factor of w and 4?
4
Let o be 1/2 - (-28)/8. Suppose o*u - 35 = -c, 4*u - 2*c = 2*u + 10. What is the greatest common factor of 64 and u?
8
Let k(p) = -p**2 - 3*p + 3. Let c be k(8). Let u be 2*(7/2 + -2). Let f = u - c. Calculate the greatest common factor of f and 11.
11
Suppose 0 = -u + 4*u - 225. Let k = 2 + -2. Suppose 5*l = -k*l + 150. What is the greatest common factor of u and l?
15
Let h be ((-12)/9)/((-2)/69). Let w = 30 + h. Suppose -4*k - 5*d + 78 = 0, -4*k + 2*d + w + 16 = 0. Calculate the highest common factor of k and 2.
2
Let n(l) = -39*l + 4. Let t be n(-3). Let i be ((-3)/(-12))/((-1)/4)*-11. What is the greatest common divisor of t and i?
11
Let c(b) = -152*b - 2. Let n be c(-1). Suppose -3*j + j = -n. Calculate the highest common divisor of j and 30.
15
Let b be 35*-2*(-4)/10. Suppose -4*m + b = -2*m. Calculate the greatest common divisor of 14 and m.
14
Let b(n) = n + 11. Let v be b(-11). Suppose 0 = -w + 2*x + 196, v*w - w - 2*x = -200. What is the highest common divisor of w and 18?
18
Suppose 3*w = 2*w - 1, -2*f - 4*w + 52 = 0. Suppose -5*m = -2*d - 2*d - 50, 3*m = 2*d + f. What is the highest common factor of 60 and m?
6
Suppose 0 = -2*o - 3*o + 50. Suppose 2*v - j + 8 = 105, -3*v = -5*j - 135. What is the greatest common factor of v and o?
10
Let z be (10 + (1 - 4))/1. Suppose 0 = -2*s - z - 23. Let y = 29 + s. Calculate the highest common factor of y and 7.
7
Let x(i) = -i**3 + 5*i**2 + 6*i + 3. Let j be x(6). Suppose 3*d - 12 = j. Calculate the highest common factor of d and 5.
5
Let t be 3*((-4)/(-3))/1. Let m(w) = w**2 + 9*w + 10. Let o be m(-11). Calculate the highest common divisor of t and o.
4
Suppose 14*k = 11*k + 30. What is the highest common factor of 5 and k?
5
Suppose -3*v - v + 8 = 0. Suppose -v - 4 = 3*b. Let x be b/4 + (-205)/(-10). Calculate the highest common factor of 30 and x.
10
Let m(s) = -23*s. Let h be m(-1). Suppose -3*l = w - h, 2*l + 0*l = -w + 27. Let g = -10 - -17. Calculate the greatest common divisor of g and w.
7
Suppose -3*r = -106 + 58. Calculate the greatest common divisor of 144 and r.
16
Suppose -3*k + 86 = 4*o, 4*o - 3*k - 47 = 27. Suppose 3*y = 15, 4*r + 2*y = -y + 95. What is the highest common factor of o and r?
20
Suppose 74 = i + 2. Let j = i - 36. Let w(t) = 8*t**3 + t**2 + t - 1. Let m be w(1). What is the highest common factor of j and m?
9
Suppose 12*s - 223 - 377 = 0. Calculate the highest common factor of 30 and s.
10
Let z(n) = 2*n - 5. Let d be z(4). Suppose 2*q = -d + 7. Let a(t) = 13*t**3 - t**2 - t - 2. Let s be a(q). What is the greatest common divisor of s and 12?
12
Suppose -3*b = -5*c + 57, 0*c + b = 2*c - 23. Let f be (3 - c)*4/(-6). What is the greatest common factor of 18 and f?
6
Let t(w) = w**3 - 3*w**2 + 6*w - 7. Let d be t(3). Calculate the highest common divisor of 99 and d.
11
Suppose 2*c - 12 = -q, 0 = 5*c + 40 - 15. What is the greatest common factor of q and 22?
22
Suppose -2*o + 105 = 3*o. Calculate the greatest common divisor of 21 and o.
21
Suppose 5*p + 2 = 37. Calculate the highest common divisor of 35 and p.
7
Let a(t) = -2*t - 4. Let h be a(-2). Suppose -2*i - 20 + 64 = h. What is the highest common factor of i and 33?
11
Let a be ((-152)/12)/(-1*2/27). What is the highest common divisor of a and 19?
19
Suppose 4*l - 42 - 34 = 0. Suppose -3*y = -l - 8. Let s = -4 + y. What is the highest common divisor of s and 35?
5
Suppose -4*v + 5*q + 58 = 0, 4*q - 26 = -3*v - q. Calculate the greatest common divisor of v and 6.
6
Let x(t) = t + 11. Let m be x(6). Calculate the greatest common divisor of 187 and m.
17
Let o be (-6)/2 + 171/9. Calculate the greatest common divisor of 8 and o.
8
Let z be (-276)/(-14) - 4/(-14). Let n = z + -3. Suppose 0*s = -2*s + 68. Calculate the highest common factor of s and n.
17
Suppose -15 + 6 = -3*c. What is the greatest common factor of 3 and c?
3
Let u(w) = 2*w - 5. Let m be u(4). Suppose 5*t = m*t + 6. Calculate the highest common factor of t and 12.
3
Let s = 35 - 1. Calculate the highest common divisor of 17 and s.
17
Let m(n) = n**3 - n**2 + n. Let a be m(0). Let q be 3 - (-1 - a)*1. What is the greatest common factor of q and 2?
2
Suppose l - 15 - 2 = 0. Let s(f) = -7*f - 13. Let a be s(-14). What is the highest common factor of l and a?
17
Let b = 8 + -5. Let f = -1 + 2. Suppose -f = g + 4, -b*g - 27 = -x. Calculate the greatest common divisor of 3 and x.
3
Let l be (-29)/(-4) - (28/(-16) + 2). What is the highest common factor of l and 77?
7
Let q be (14/(-6))/((-1)/6). Let h(j) = 2*j + 52. Let f be h(9). What is the greatest common factor of q and f?
14
Suppose 7*n = 3*n + 4. Let a be 56/6 - n/3. Calculate the highest common factor of a and 18.
9
Let h = 58 - -35. What is the highest common divisor of h and 31?
31
Let p(v) = 16 + v - 17 + 0*v. Let y be p(9). Calculate the greatest common divisor of y and 1.
1
Let i(s) = -15*s - 1. Let c be i(-7). Suppose 5*z - c = z. Suppose 2*q + 2*g = 5 + 69, -5*q + g = -197. What is the highest common factor of q and z?
13
Suppose 0 = 4*d - 2*d - 24. Calculate the greatest common factor of d and 3.
3
Let t be 8 + 0/(-1 + -1). Suppose -3*f + 116 = f. Let w = f - 21. What is the greatest common factor of t and w?
8
Let g = 190 + -140. Calculate the greatest common factor of g and 15.
5
Let r(u) = u + 16. Let i be r(-10). Let x be (2 - 9/i)*12. Suppose 2*o = x*o - 48. What is the greatest common factor of 24 and o?
12
Let p(r) = -10*r**2 + 3*r + 3. Let i be p(-2). Let w = i - -63. Suppose 4*n = -3*l + 4*l - 66, n = -5*l + 246. What is the highest common factor of w and l?
10
Suppose -4*v - 3 = -3*v - 2*x, 24 = 2*v + 2*x. What is the highest common factor of v and 28?
7
Let q = 1 + -4. Let o = 4 + q. Let z = o - 0. What is the highest common divisor of z and 5?
1
Let c = -31 + 39. What is the highest common divisor of 24 and c?
8
Let c(a) = 11 - 14*a - 11. Let d be c(-2). What is the highest common factor of 7 and d?
7
Let h = -10 - -20. Let k(a) = -a**3 + 8*a**2 + 6*a + 2. Let q be k(8). What is the greatest common factor of h and q?
10
Suppose 4*v + 72 = 3*a, 0 = -5*a + 11*v - 7*v + 128. Calculate the greatest common divisor of 112 and a.
28
Suppose 10*v - 447 = 63. Calculate the greatest common factor of 34 and v.
17
Suppose -2*b - 20 = -4*b. Let h(k) = -2*k**2 + 23*k + 5. Let p be h(9). What is the highest common divisor of b and p?
10
Suppose -8*w + 218 = -358. What is the highest common divisor of w and 48?
24
Let f be (7 + 1)/(6/27). Let k = f - 21. Calculate the greatest common divisor of 165 and k.
15
Let c be 20*(78/10 + -1). Let t = 264 + -247. Calculate the greatest common divisor of c and t.
17
Let c be (-4 + (-26)/(-5))/(6/20). Calculate the highest common factor of 16 and c.
4
Let t(h) be the first derivative of h**2/2 - 5*h - 5. Let l be t(6). What is the highest common divisor of l and 1?
1
Let q = -107 - -187. Calculate the greatest common factor of q and 10.
10
Suppose 4*w = -5*y + 7, 0 = y - 0*y - 2*w + 7. Let g(a) = -57*a - 1. Let p be g(y). Calculate the greatest common divisor of 7 and p.
7
Suppose 12*a + 72 = 18*a. Let c(b) = 21*b + 3. Let p be c(5). Calculate the highest common factor of a and p.
12
Let d be (-212)/(-18) - (-4)/18. Let s = -73 - 119. Let a be 1/(((-10)/s)/5). What is the greatest common divisor of d and a?
12
Let i(b) = -32*b + 4. Let v be i(-2). Suppose -3*s = -45 - 6. What is the greatest common factor of s and v?
17
Suppose 2*j + 6 = -0*j. Let x be 10/j*(-72)/10. Let y(k) = k**3 - k**2 - 2. Let b be y(3). Calculate the highest common factor of x and b.
8
Suppose 7*h - 198 = h. What is the greatest common divisor of h and 3?
3
Let v be 8 + -5 + -8 + 0. Let b = 5 + v. Suppose b*p - 4*x = -4*p + 300, -p + 55 = -5*x. Calculate the highest common divisor of p and 10.
10
Suppose -375 = 4*w 